{"id":1736,"date":"2025-02-28T10:43:25","date_gmt":"2025-02-28T13:43:25","guid":{"rendered":"https:\/\/blog.hotgo.tv\/brasil\/?page_id=1736"},"modified":"2025-05-21T13:29:27","modified_gmt":"2025-05-21T16:29:27","slug":"milf-lista","status":"publish","type":"page","link":"https:\/\/blog.hotgo.tv\/brasil\/milf-lista\/","title":{"rendered":"Lista Milfs"},"content":{"rendered":"<h1>\n\t\t\t\t\tMelhores filmes com Milfs<br \/>\n\t\t\t\t<\/h1>\n<p>\t\t\t\t\t\t\t\t\t\t\t\t\t\t\t<img fetchpriority=\"high\" decoding=\"async\" width=\"1417\" height=\"383\" src=\"https:\/\/blog.hotgo.tv\/brasil\/wp-content\/uploads\/sites\/2\/2025\/02\/milf_11zon.webp\" alt=\"\" srcset=\"https:\/\/blog.hotgo.tv\/brasil\/wp-content\/uploads\/sites\/2\/2025\/02\/milf_11zon.webp 1417w, https:\/\/blog.hotgo.tv\/brasil\/wp-content\/uploads\/sites\/2\/2025\/02\/milf_11zon-300x81.webp 300w, https:\/\/blog.hotgo.tv\/brasil\/wp-content\/uploads\/sites\/2\/2025\/02\/milf_11zon-1024x277.webp 1024w, https:\/\/blog.hotgo.tv\/brasil\/wp-content\/uploads\/sites\/2\/2025\/02\/milf_11zon-768x208.webp 768w\" sizes=\"(max-width: 1417px) 100vw, 1417px\" \/>\t\t\t\t\t\t\t\t\t\t\t\t\t\t\t<\/p>\n<p>Fizemos a melhor lista de filmes com Milfs para voc\u00ea! Tem Milf Japonesa, Asi\u00e1tica, Latina, Negra, Loira, Morena, Ruiva e \u00e9 claro, as Milfs mais gostosas!<\/p>\n<p>Filmes com Milfs Peitudas, Bundudas, Gordinhas, para quem gosta de P\u00e9s e Trans.<\/p>\n<p>Milfs L\u00e9sbicas, M\u00e9nage \u00c0 Trois, Gozando dentro, POV, Orgia, 2 Milfs, Hentai (toon), Anal, Oral, Casais, Dupla penetra\u00e7\u00e3o, Gozando na cara, Milf se Masturbando, Orgasmo, Voyeurs e Seduzindo.<\/p>\n<p>Para melhorar a lista, separamos tamb\u00e9m por Coroas, 40+,\u00a0 50+ e 60+.<\/p>\n<h2>V\u00eddeos de Milfs Peitudas<\/h2>\n<figure><a href=\"https:\/\/www.hotgo.tv\/details?id=6799a533e4b0856ae19a45de&#038;type=vod&#038;locale=pt\" tabindex=\"-1\"><img decoding=\"async\" src=\"https:\/\/img.streann.com\/streann-img\/6361cf81e4b00c6a81f8f316\/vod\/1738170615853.jpg\" title=\"\" alt=\"Milf peituda\" loading=\"lazy\" \/><\/a><\/figure>\n<p>Assista agora Milf faminta por pica<\/p>\n<p>\t\t\t\t\t<a href=\"https:\/\/www.hotgo.tv\/details?id=6799a533e4b0856ae19a45de&#038;type=vod&#038;locale=pt\"><br \/>\n\t\t\t\t\t\t\t\t\tAssista agora<br \/>\n\t\t\t\t\t<\/a><\/p>\n<figure><a href=\"https:\/\/www.hotgo.tv\/details?id=6695a196e4b0e91403f1407e&#038;type=vod&#038;locale=pt\" tabindex=\"-1\"><img decoding=\"async\" src=\"https:\/\/img.streann.com\/streann-img\/6361cf81e4b00c6a81f8f316\/vod\/1721244333367.jpg\" title=\"\" alt=\"Milf peituda\" loading=\"lazy\" \/><\/a><\/figure>\n<p>Milf peituda<\/p>\n<p>\t\t\t\t\t<a href=\"https:\/\/www.hotgo.tv\/details?id=6695a196e4b0e91403f1407e&#038;type=vod&#038;locale=pt\"><br \/>\n\t\t\t\t\t\t\t\t\tAssista agora<br \/>\n\t\t\t\t\t<\/a><\/p>\n<figure><a href=\"https:\/\/www.hotgo.tv\/details?id=653a5d93e4b000db3b32f6d8&#038;type=vod&#038;locale=pt\" tabindex=\"-1\"><img decoding=\"async\" src=\"https:\/\/img.streann.com\/streann-img\/6361cf81e4b00c6a81f8f316\/image\/653a5d93e4b000db3b32f6d8_landscape.jpg\" title=\"\" alt=\"Milf peituda\" loading=\"lazy\" \/><\/a><\/figure>\n<p>Elisa Sanches Cavalgando Na Rola!<\/p>\n<p>\t\t\t\t\t<a href=\"https:\/\/www.hotgo.tv\/details?id=653a5d93e4b000db3b32f6d8&#038;type=vod&#038;locale=pt\"><br \/>\n\t\t\t\t\t\t\t\t\tAssista agora<br \/>\n\t\t\t\t\t<\/a><\/p>\n<h2>V\u00eddeos de Milfs Loiras<\/h2>\n<figure><a href=\"https:\/\/www.hotgo.tv\/details?id=653a5d9ae4b000db3b32f6f9&#038;type=vod&#038;locale=pt\" tabindex=\"-1\"><img decoding=\"async\" src=\"https:\/\/img.streann.com\/streann-img\/6361cf81e4b00c6a81f8f316\/image\/653a5d9ae4b000db3b32f6f9_landscape.jpg\" title=\"\" alt=\"Milf loira - puta caseira\" loading=\"lazy\" \/><\/a><\/figure>\n<p>Maurinho e Emme White em uma foda deliciosa<\/p>\n<p>\t\t\t\t\t<a href=\"https:\/\/www.hotgo.tv\/details?id=653a5d9ae4b000db3b32f6f9&#038;type=vod&#038;locale=pt\"><br \/>\n\t\t\t\t\t\t\t\t\tAssista agora<br \/>\n\t\t\t\t\t<\/a><\/p>\n<figure><a href=\"https:\/\/www.hotgo.tv\/details?id=664bf47ce4b0ec805a58a2bb&#038;type=vod&#038;locale=pt\" tabindex=\"-1\"><img decoding=\"async\" src=\"https:\/\/img.streann.com\/streann-img\/6361cf81e4b00c6a81f8f316\/vod\/1716298620500.png\" title=\"\" alt=\"Milfs loiras - arrombando milfs\" loading=\"lazy\" \/><\/a><\/figure>\n<p>Arrombando Milfs<\/p>\n<p>\t\t\t\t\t<a href=\"https:\/\/www.hotgo.tv\/details?id=664bf47ce4b0ec805a58a2bb&#038;type=vod&#038;locale=pt\"><br \/>\n\t\t\t\t\t\t\t\t\tAssista agora<br \/>\n\t\t\t\t\t<\/a><\/p>\n<figure><a href=\"https:\/\/www.hotgo.tv\/details?id=679999f260b2a6f1b6ba9e2e&#038;type=vod&#038;locale=pt\" tabindex=\"-1\"><img decoding=\"async\" src=\"https:\/\/img.streann.com\/streann-img\/6361cf81e4b00c6a81f8f316\/vod\/1738120313403.hard_16x9_Main.jpg\" title=\"\" alt=\"Milf loira - seduzido por uma peituda\" loading=\"lazy\" \/><\/a><\/figure>\n<p>Seduzido por uma peituda<\/p>\n<p>\t\t\t\t\t<a href=\"https:\/\/www.hotgo.tv\/details?id=679999f260b2a6f1b6ba9e2e&#038;type=vod&#038;locale=pt\"><br \/>\n\t\t\t\t\t\t\t\t\tAssista agora<br \/>\n\t\t\t\t\t<\/a><\/p>\n<h2>V\u00eddeos de Milfs Ruivas<\/h2>\n<figure><a href=\"https:\/\/www.hotgo.tv\/details?id=67aae4e5e4b0b55fe11ea262&#038;type=vod&#038;locale=pt\" tabindex=\"-1\"><img decoding=\"async\" src=\"https:\/\/img.streann.com\/streann-img\/6361cf81e4b00c6a81f8f316\/vod\/1739253250358.jpg\" title=\"\" alt=\"Milf Ruiva - o que as milfs querem\" loading=\"lazy\" \/><\/a><\/figure>\n<p>O que as Milfs querem<\/p>\n<p>\t\t\t\t\t<a href=\"https:\/\/www.hotgo.tv\/details?id=67aae4e5e4b0b55fe11ea262&#038;type=vod&#038;locale=pt\"><br \/>\n\t\t\t\t\t\t\t\t\tAssista agora<br \/>\n\t\t\t\t\t<\/a><\/p>\n<figure><a href=\"https:\/\/www.hotgo.tv\/details?id=653a5c11e4b000db3b32effd&#038;type=vod&#038;locale=pt\" tabindex=\"-1\"><img decoding=\"async\" src=\"https:\/\/img.streann.com\/streann-img\/6361cf81e4b00c6a81f8f316\/vod\/1718037097474.png\" title=\"\" alt=\"Milf Ruiva - Ariella Ferrera\" loading=\"lazy\" \/><\/a><\/figure>\n<p>Mel Fire<\/p>\n<p>\t\t\t\t\t<a href=\"https:\/\/www.hotgo.tv\/details?id=653a5c11e4b000db3b32effd&#038;type=vod&#038;locale=pt\"><br \/>\n\t\t\t\t\t\t\t\t\tAssista agora<br \/>\n\t\t\t\t\t<\/a><\/p>\n<figure><a href=\"https:\/\/www.hotgo.tv\/details?id=65fd91528f0826756eedf110&#038;type=vod&#038;locale=pt\" tabindex=\"-1\"><img decoding=\"async\" src=\"https:\/\/img.streann.com\/streann-img\/6361cf81e4b00c6a81f8f316\/vod\/1711119568372.jpg\" title=\"\" alt=\"Milf Ruiva - Pervers\u00f5es Milf\" loading=\"lazy\" \/><\/a><\/figure>\n<p>Pervers\u00f5es Milf<\/p>\n<p>\t\t\t\t\t<a href=\"https:\/\/www.hotgo.tv\/details?id=65fd91528f0826756eedf110&#038;type=vod&#038;locale=pt\"><br \/>\n\t\t\t\t\t\t\t\t\tAssista agora<br \/>\n\t\t\t\t\t<\/a><\/p>\n<h2>V\u00eddeos de Milfs Negras<\/h2>\n<figure><a href=\"https:\/\/www.hotgo.tv\/details?id=639c928a62567f4accbd3df1&#038;type=vod&#038;locale=pt\" tabindex=\"-1\"><img decoding=\"async\" src=\"https:\/\/img.streann.com\/streann-img\/6361cf81e4b00c6a81f8f316\/image\/67614561-a313-46f6-abbb-ab4c1927ff22_pt.jpg\" title=\"\" alt=\"Milf Negras - diamond jackson\" loading=\"lazy\" \/><\/a><\/figure>\n<p>Cole\u00e7\u00e3o De Sacangens Ep.3<\/p>\n<p>\t\t\t\t\t<a href=\"https:\/\/www.hotgo.tv\/details?id=639c928a62567f4accbd3df1&#038;type=vod&#038;locale=pt\"><br \/>\n\t\t\t\t\t\t\t\t\tAssista agora<br \/>\n\t\t\t\t\t<\/a><\/p>\n<figure><a href=\"https:\/\/www.hotgo.tv\/details?id=674a30fde4b09b2c3bbebf4c&#038;type=vod&#038;locale=pt\" tabindex=\"-1\"><img decoding=\"async\" src=\"https:\/\/img.streann.com\/streann-img\/6361cf81e4b00c6a81f8f316\/vod\/1732917328342.png\" title=\"\" alt=\"Milf Negra - Bruxas Milfs\" loading=\"lazy\" \/><\/a><\/figure>\n<p>Bruxas Milfs<\/p>\n<p>\t\t\t\t\t<a href=\"https:\/\/www.hotgo.tv\/details?id=674a30fde4b09b2c3bbebf4c&#038;type=vod&#038;locale=pt\"><br \/>\n\t\t\t\t\t\t\t\t\tAssista agora<br \/>\n\t\t\t\t\t<\/a><\/p>\n<figure><a href=\"https:\/\/www.hotgo.tv\/details?id=639c7f5762567f4accbd0d28&#038;type=vod&#038;locale=pt\" tabindex=\"-1\"><img decoding=\"async\" src=\"https:\/\/img.streann.com\/streann-img\/6361cf81e4b00c6a81f8f316\/image\/cbdde18d-f5f7-4fc4-b343-a8b6b1a45de3_pt.jpg\" title=\"\" alt=\"Milf Negra - me d\u00e1 seu cu\" loading=\"lazy\" \/><\/a><\/figure>\n<p>Me d\u00e1 seu cu<\/p>\n<p>\t\t\t\t\t<a href=\"https:\/\/www.hotgo.tv\/details?id=639c7f5762567f4accbd0d28&#038;type=vod&#038;locale=pt\"><br \/>\n\t\t\t\t\t\t\t\t\tAssista agora<br \/>\n\t\t\t\t\t<\/a><\/p>\n<h2>V\u00eddeos de Orgia com Milfs<\/h2>\n<figure><a href=\"https:\/\/www.hotgo.tv\/details?id=639c7e1462567f4accbd0834&#038;type=vod&#038;locale=pt\" tabindex=\"-1\"><img decoding=\"async\" src=\"https:\/\/img.streann.com\/streann-img\/6361cf81e4b00c6a81f8f316\/image\/3bbbf184-c5cb-4e2f-8dce-96e9f9fa2e4c_pt.jpg\" title=\"\" alt=\"Milf orgia - 4 babas pra mim\" loading=\"lazy\" \/><\/a><\/figure>\n<p>4 Bab\u00e1s pra mim<\/p>\n<p>\t\t\t\t\t<a href=\"https:\/\/www.hotgo.tv\/details?id=639c7e1462567f4accbd0834&#038;type=vod&#038;locale=pt\"><br \/>\n\t\t\t\t\t\t\t\t\tAssista agora<br \/>\n\t\t\t\t\t<\/a><\/p>\n<figure><a href=\"https:\/\/www.hotgo.tv\/details?id=639c865362567f4accbd2be7&#038;type=vod&#038;locale=pt\" tabindex=\"-1\"><img decoding=\"async\" src=\"https:\/\/img.streann.com\/streann-img\/6361cf81e4b00c6a81f8f316\/image\/2a9463e8-6d33-4fad-ace0-a66d2ce8f685_pt.jpg\" title=\"\" alt=\"Milf orgia - festa no lava jato\" loading=\"lazy\" \/><\/a><\/figure>\n<p>Festa no lava jato<\/p>\n<p>\t\t\t\t\t<a href=\"https:\/\/www.hotgo.tv\/details?id=639c865362567f4accbd2be7&#038;type=vod&#038;locale=pt\"><br \/>\n\t\t\t\t\t\t\t\t\tAssista agora<br \/>\n\t\t\t\t\t<\/a><\/p>\n<figure><a href=\"https:\/\/www.hotgo.tv\/details?id=653a5d9de4b000db3b32f706&#038;type=vod&#038;locale=pt\" tabindex=\"-1\"><img decoding=\"async\" src=\"https:\/\/img.streann.com\/streann-img\/6361cf81e4b00c6a81f8f316\/image\/653a5d9de4b000db3b32f706_landscape.jpg\" title=\"\" alt=\"Milf orgia - aula particular de sexo grupal\" loading=\"lazy\" \/><\/a><\/figure>\n<p>Orgias Das Pornstars!<\/p>\n<p>\t\t\t\t\t<a href=\"https:\/\/www.hotgo.tv\/details?id=653a5d9de4b000db3b32f706&#038;type=vod&#038;locale=pt\"><br \/>\n\t\t\t\t\t\t\t\t\tAssista agora<br \/>\n\t\t\t\t\t<\/a><\/p>\n<h2>Assine agora o HotGo<\/h2>\n<p>e aproveite mais de 2.000 filmes e v\u00eddeos<\/p>\n<p>\t\t\t\t\t<a href=\"https:\/\/blog.hotgo.tv\/brasil\/canais-de-tv\/\"><br \/>\n\t\t\t\t\t\t\t\t\tAssinar<br \/>\n\t\t\t\t\t<\/a><\/p>\n\n\n<p><\/p>\n","protected":false},"excerpt":{"rendered":"<p>Melhores filmes com Milfs Fizemos a melhor lista de filmes com Milfs para voc\u00ea! Tem Milf Japonesa, Asi\u00e1tica, Latina, Negra, Loira, Morena, Ruiva e \u00e9 claro, as Milfs mais gostosas! Filmes com Milfs Peitudas, Bundudas, Gordinhas, para quem gosta de P\u00e9s e Trans. Milfs L\u00e9sbicas, M\u00e9nage \u00c0 Trois, Gozando dentro, POV, Orgia, 2 Milfs, Hentai [&hellip;]<\/p>\n","protected":false},"author":4,"featured_media":1738,"parent":0,"menu_order":0,"comment_status":"closed","ping_status":"closed","template":"","meta":{"footnotes":""},"class_list":["post-1736","page","type-page","status-publish","has-post-thumbnail","hentry"],"yoast_head":"<!-- This site is optimized with the Yoast SEO plugin v24.9 - https:\/\/yoast.com\/wordpress\/plugins\/seo\/ -->\n<title>Lista de filmes com Milfs Peitudas, Ruivas, Orgia com Milfs e +<\/title>\n<meta name=\"description\" content=\"Preparamos uma lista de filmes com Milfs Peitudas, Ruivas, Morenas, Loiras e Orgias com Milfs. \u00c9 a melhor sele\u00e7\u00e3o de filmes com Milfs!\" \/>\n<meta name=\"robots\" content=\"index, follow, max-snippet:-1, max-image-preview:large, max-video-preview:-1\" \/>\n<link rel=\"canonical\" href=\"https:\/\/blog.hotgo.tv\/brasil\/milf-lista\/\" \/>\n<meta property=\"og:locale\" content=\"pt_BR\" \/>\n<meta property=\"og:type\" content=\"article\" \/>\n<meta property=\"og:title\" content=\"Lista de filmes com Milfs Peitudas, Ruivas, Orgia com Milfs e +\" \/>\n<meta property=\"og:description\" content=\"Preparamos uma lista de filmes com Milfs Peitudas, Ruivas, Morenas, Loiras e Orgias com Milfs. \u00c9 a melhor sele\u00e7\u00e3o de filmes com Milfs!\" \/>\n<meta property=\"og:url\" content=\"https:\/\/blog.hotgo.tv\/brasil\/milf-lista\/\" \/>\n<meta property=\"og:site_name\" content=\"Blog HotGo Brasil\" \/>\n<meta property=\"article:modified_time\" content=\"2025-05-21T16:29:27+00:00\" \/>\n<meta property=\"og:image\" content=\"https:\/\/blog.hotgo.tv\/brasil\/wp-content\/uploads\/sites\/2\/2025\/02\/milf_11zon.webp\" \/>\n\t<meta property=\"og:image:width\" content=\"1417\" \/>\n\t<meta property=\"og:image:height\" content=\"383\" \/>\n\t<meta property=\"og:image:type\" content=\"image\/webp\" \/>\n<meta name=\"twitter:card\" content=\"summary_large_image\" \/>\n<meta name=\"twitter:site\" content=\"@SoParaMaiores\" \/>\n<meta name=\"twitter:label1\" content=\"Est. tempo de leitura\" \/>\n\t<meta name=\"twitter:data1\" content=\"5 minutos\" \/>\n<script type=\"application\/ld+json\" class=\"yoast-schema-graph\">{\"@context\":\"https:\/\/schema.org\",\"@graph\":[{\"@type\":\"WebPage\",\"@id\":\"https:\/\/blog.hotgo.tv\/brasil\/milf-lista\/\",\"url\":\"https:\/\/blog.hotgo.tv\/brasil\/milf-lista\/\",\"name\":\"Lista de filmes com Milfs Peitudas, Ruivas, Orgia com Milfs e +\",\"isPartOf\":{\"@id\":\"https:\/\/blog.hotgo.tv\/brasil\/#website\"},\"primaryImageOfPage\":{\"@id\":\"https:\/\/blog.hotgo.tv\/brasil\/milf-lista\/#primaryimage\"},\"image\":{\"@id\":\"https:\/\/blog.hotgo.tv\/brasil\/milf-lista\/#primaryimage\"},\"thumbnailUrl\":\"https:\/\/blog.hotgo.tv\/brasil\/wp-content\/uploads\/sites\/2\/2025\/02\/milf_11zon.webp\",\"datePublished\":\"2025-02-28T13:43:25+00:00\",\"dateModified\":\"2025-05-21T16:29:27+00:00\",\"description\":\"Preparamos uma lista de filmes com Milfs Peitudas, Ruivas, Morenas, Loiras e Orgias com Milfs. \u00c9 a melhor sele\u00e7\u00e3o de filmes com Milfs!\",\"breadcrumb\":{\"@id\":\"https:\/\/blog.hotgo.tv\/brasil\/milf-lista\/#breadcrumb\"},\"inLanguage\":\"pt-BR\",\"potentialAction\":[{\"@type\":\"ReadAction\",\"target\":[\"https:\/\/blog.hotgo.tv\/brasil\/milf-lista\/\"]}]},{\"@type\":\"ImageObject\",\"inLanguage\":\"pt-BR\",\"@id\":\"https:\/\/blog.hotgo.tv\/brasil\/milf-lista\/#primaryimage\",\"url\":\"https:\/\/blog.hotgo.tv\/brasil\/wp-content\/uploads\/sites\/2\/2025\/02\/milf_11zon.webp\",\"contentUrl\":\"https:\/\/blog.hotgo.tv\/brasil\/wp-content\/uploads\/sites\/2\/2025\/02\/milf_11zon.webp\",\"width\":1417,\"height\":383},{\"@type\":\"BreadcrumbList\",\"@id\":\"https:\/\/blog.hotgo.tv\/brasil\/milf-lista\/#breadcrumb\",\"itemListElement\":[{\"@type\":\"ListItem\",\"position\":1,\"name\":\"Home\",\"item\":\"https:\/\/blog.hotgo.tv\/brasil\/\"},{\"@type\":\"ListItem\",\"position\":2,\"name\":\"Lista Milfs\"}]},{\"@type\":\"WebSite\",\"@id\":\"https:\/\/blog.hotgo.tv\/brasil\/#website\",\"url\":\"https:\/\/blog.hotgo.tv\/brasil\/\",\"name\":\"Blog HotGo Brasil\",\"description\":\"Tudo sobre sexo e relacionamento, aprovado por HOTGO.TV\",\"publisher\":{\"@id\":\"https:\/\/blog.hotgo.tv\/brasil\/#organization\"},\"alternateName\":\"Blog Hotgo\",\"potentialAction\":[{\"@type\":\"SearchAction\",\"target\":{\"@type\":\"EntryPoint\",\"urlTemplate\":\"https:\/\/blog.hotgo.tv\/brasil\/?s={search_term_string}\"},\"query-input\":{\"@type\":\"PropertyValueSpecification\",\"valueRequired\":true,\"valueName\":\"search_term_string\"}}],\"inLanguage\":\"pt-BR\"},{\"@type\":\"Organization\",\"@id\":\"https:\/\/blog.hotgo.tv\/brasil\/#organization\",\"name\":\"Blog HotGo Brasil\",\"alternateName\":\"Blog HotGo\",\"url\":\"https:\/\/blog.hotgo.tv\/brasil\/\",\"logo\":{\"@type\":\"ImageObject\",\"inLanguage\":\"pt-BR\",\"@id\":\"https:\/\/blog.hotgo.tv\/brasil\/#\/schema\/logo\/image\/\",\"url\":\"https:\/\/blog.hotgo.tv\/brasil\/wp-content\/uploads\/sites\/2\/2024\/05\/4e2beb08-a1a7-4bfd-8d3b-4e04aa779a0f.png\",\"contentUrl\":\"https:\/\/blog.hotgo.tv\/brasil\/wp-content\/uploads\/sites\/2\/2024\/05\/4e2beb08-a1a7-4bfd-8d3b-4e04aa779a0f.png\",\"width\":1574,\"height\":756,\"caption\":\"Blog HotGo Brasil\"},\"image\":{\"@id\":\"https:\/\/blog.hotgo.tv\/brasil\/#\/schema\/logo\/image\/\"},\"sameAs\":[\"https:\/\/x.com\/SoParaMaiores\",\"https:\/\/www.reddit.com\/user\/hotgotv\/\"]}]}<\/script>\n<!-- \/ Yoast SEO plugin. -->","yoast_head_json":{"title":"Lista de filmes com Milfs Peitudas, Ruivas, Orgia com Milfs e +","description":"Preparamos uma lista de filmes com Milfs Peitudas, Ruivas, Morenas, Loiras e Orgias com Milfs. \u00c9 a melhor sele\u00e7\u00e3o de filmes com Milfs!","robots":{"index":"index","follow":"follow","max-snippet":"max-snippet:-1","max-image-preview":"max-image-preview:large","max-video-preview":"max-video-preview:-1"},"canonical":"https:\/\/blog.hotgo.tv\/brasil\/milf-lista\/","og_locale":"pt_BR","og_type":"article","og_title":"Lista de filmes com Milfs Peitudas, Ruivas, Orgia com Milfs e +","og_description":"Preparamos uma lista de filmes com Milfs Peitudas, Ruivas, Morenas, Loiras e Orgias com Milfs. \u00c9 a melhor sele\u00e7\u00e3o de filmes com Milfs!","og_url":"https:\/\/blog.hotgo.tv\/brasil\/milf-lista\/","og_site_name":"Blog HotGo Brasil","article_modified_time":"2025-05-21T16:29:27+00:00","og_image":[{"width":1417,"height":383,"url":"https:\/\/blog.hotgo.tv\/brasil\/wp-content\/uploads\/sites\/2\/2025\/02\/milf_11zon.webp","type":"image\/webp"}],"twitter_card":"summary_large_image","twitter_site":"@SoParaMaiores","twitter_misc":{"Est. tempo de leitura":"5 minutos"},"schema":{"@context":"https:\/\/schema.org","@graph":[{"@type":"WebPage","@id":"https:\/\/blog.hotgo.tv\/brasil\/milf-lista\/","url":"https:\/\/blog.hotgo.tv\/brasil\/milf-lista\/","name":"Lista de filmes com Milfs Peitudas, Ruivas, Orgia com Milfs e +","isPartOf":{"@id":"https:\/\/blog.hotgo.tv\/brasil\/#website"},"primaryImageOfPage":{"@id":"https:\/\/blog.hotgo.tv\/brasil\/milf-lista\/#primaryimage"},"image":{"@id":"https:\/\/blog.hotgo.tv\/brasil\/milf-lista\/#primaryimage"},"thumbnailUrl":"https:\/\/blog.hotgo.tv\/brasil\/wp-content\/uploads\/sites\/2\/2025\/02\/milf_11zon.webp","datePublished":"2025-02-28T13:43:25+00:00","dateModified":"2025-05-21T16:29:27+00:00","description":"Preparamos uma lista de filmes com Milfs Peitudas, Ruivas, Morenas, Loiras e Orgias com Milfs. \u00c9 a melhor sele\u00e7\u00e3o de filmes com Milfs!","breadcrumb":{"@id":"https:\/\/blog.hotgo.tv\/brasil\/milf-lista\/#breadcrumb"},"inLanguage":"pt-BR","potentialAction":[{"@type":"ReadAction","target":["https:\/\/blog.hotgo.tv\/brasil\/milf-lista\/"]}]},{"@type":"ImageObject","inLanguage":"pt-BR","@id":"https:\/\/blog.hotgo.tv\/brasil\/milf-lista\/#primaryimage","url":"https:\/\/blog.hotgo.tv\/brasil\/wp-content\/uploads\/sites\/2\/2025\/02\/milf_11zon.webp","contentUrl":"https:\/\/blog.hotgo.tv\/brasil\/wp-content\/uploads\/sites\/2\/2025\/02\/milf_11zon.webp","width":1417,"height":383},{"@type":"BreadcrumbList","@id":"https:\/\/blog.hotgo.tv\/brasil\/milf-lista\/#breadcrumb","itemListElement":[{"@type":"ListItem","position":1,"name":"Home","item":"https:\/\/blog.hotgo.tv\/brasil\/"},{"@type":"ListItem","position":2,"name":"Lista Milfs"}]},{"@type":"WebSite","@id":"https:\/\/blog.hotgo.tv\/brasil\/#website","url":"https:\/\/blog.hotgo.tv\/brasil\/","name":"Blog HotGo Brasil","description":"Tudo sobre sexo e relacionamento, aprovado por HOTGO.TV","publisher":{"@id":"https:\/\/blog.hotgo.tv\/brasil\/#organization"},"alternateName":"Blog Hotgo","potentialAction":[{"@type":"SearchAction","target":{"@type":"EntryPoint","urlTemplate":"https:\/\/blog.hotgo.tv\/brasil\/?s={search_term_string}"},"query-input":{"@type":"PropertyValueSpecification","valueRequired":true,"valueName":"search_term_string"}}],"inLanguage":"pt-BR"},{"@type":"Organization","@id":"https:\/\/blog.hotgo.tv\/brasil\/#organization","name":"Blog HotGo Brasil","alternateName":"Blog HotGo","url":"https:\/\/blog.hotgo.tv\/brasil\/","logo":{"@type":"ImageObject","inLanguage":"pt-BR","@id":"https:\/\/blog.hotgo.tv\/brasil\/#\/schema\/logo\/image\/","url":"https:\/\/blog.hotgo.tv\/brasil\/wp-content\/uploads\/sites\/2\/2024\/05\/4e2beb08-a1a7-4bfd-8d3b-4e04aa779a0f.png","contentUrl":"https:\/\/blog.hotgo.tv\/brasil\/wp-content\/uploads\/sites\/2\/2024\/05\/4e2beb08-a1a7-4bfd-8d3b-4e04aa779a0f.png","width":1574,"height":756,"caption":"Blog HotGo Brasil"},"image":{"@id":"https:\/\/blog.hotgo.tv\/brasil\/#\/schema\/logo\/image\/"},"sameAs":["https:\/\/x.com\/SoParaMaiores","https:\/\/www.reddit.com\/user\/hotgotv\/"]}]}},"_links":{"self":[{"href":"https:\/\/blog.hotgo.tv\/brasil\/wp-json\/wp\/v2\/pages\/1736","targetHints":{"allow":["GET"]}}],"collection":[{"href":"https:\/\/blog.hotgo.tv\/brasil\/wp-json\/wp\/v2\/pages"}],"about":[{"href":"https:\/\/blog.hotgo.tv\/brasil\/wp-json\/wp\/v2\/types\/page"}],"author":[{"embeddable":true,"href":"https:\/\/blog.hotgo.tv\/brasil\/wp-json\/wp\/v2\/users\/4"}],"replies":[{"embeddable":true,"href":"https:\/\/blog.hotgo.tv\/brasil\/wp-json\/wp\/v2\/comments?post=1736"}],"version-history":[{"count":32,"href":"https:\/\/blog.hotgo.tv\/brasil\/wp-json\/wp\/v2\/pages\/1736\/revisions"}],"predecessor-version":[{"id":2029,"href":"https:\/\/blog.hotgo.tv\/brasil\/wp-json\/wp\/v2\/pages\/1736\/revisions\/2029"}],"wp:featuredmedia":[{"embeddable":true,"href":"https:\/\/blog.hotgo.tv\/brasil\/wp-json\/wp\/v2\/media\/1738"}],"wp:attachment":[{"href":"https:\/\/blog.hotgo.tv\/brasil\/wp-json\/wp\/v2\/media?parent=1736"}],"curies":[{"name":"wp","href":"https:\/\/api.w.org\/{rel}","templated":true}]}}